of 213 and 3.
3
What is the highest common divisor of 430 and 40?
10
What is the highest common divisor of 1015 and 35?
35
What is the greatest common factor of 235 and 5?
5
What is the greatest common factor of 4 and 15?
1
Calculate the highest common divisor of 432 and 120.
24
Calculate the greatest common factor of 15 and 633.
3
What is the highest common factor of 84 and 3164?
28
What is the highest common divisor of 171 and 9?
9
What is the highest common factor of 236 and 59?
59
Calculate the highest common divisor of 3480 and 300.
60
What is the greatest common factor of 168 and 216?
24
What is the highest common divisor of 5117 and 119?
119
What is the greatest common factor of 51 and 33?
3
What is the highest common divisor of 15 and 12885?
15
Calculate the greatest common factor of 364 and 154.
14
Calculate the highest common factor of 16415 and 35.
35
Calculate the highest common factor of 450 and 4350.
150
What is the greatest common divisor of 3388 and 56?
28
What is the greatest common factor of 3 and 13?
1
Calculate the greatest common divisor of 44431 and 157.
157
What is the greatest common divisor of 3640 and 546?
182
What is the greatest common factor of 216 and 1152?
72
What is the greatest common divisor of 8 and 104?
8
What is the highest common divisor of 12 and 732?
12
Calculate the highest common factor of 99 and 77.
11
Calculate the greatest common divisor of 28 and 1204.
28
What is the highest common factor of 4981 and 34?
17
What is the greatest common factor of 23 and 7475?
23
What is the greatest common divisor of 4959 and 152?
19
What is the highest common divisor of 12 and 21?
3
What is the greatest common factor of 414 and 6486?
138
Calculate the highest common divisor of 96 and 744.
24
Calculate the greatest common divisor of 225 and 625.
25
What is the highest common divisor of 4844 and 56?
28
Calculate the highest common factor of 605 and 121.
121
Calculate the greatest common divisor of 14 and 7.
7
Calculate the greatest common factor of 48 and 540.
12
Calculate the greatest common divisor of 49 and 2604.
7
What is the greatest common factor of 21 and 14889?
21
What is the greatest common divisor of 4485 and 69?
69
Calculate the highest common factor of 35 and 1765.
5
Calculate the greatest common factor of 138 and 6.
6
Calculate the greatest common divisor of 135 and 195.
15
What is the greatest common factor of 1504 and 564?
188
Calculate the highest common factor of 63 and 504.
63
Calculate the greatest common factor of 102 and 306.
102
Calculate the greatest common factor of 8 and 352.
8
Calculate the highest common divisor of 85 and 5066.
17
Calculate the highest common divisor of 3804 and 348.
12
What is the highest common divisor of 14156 and 8?
4
Calculate the highest common divisor of 10 and 90.
10
Calculate the greatest common factor of 37 and 518.
37
Calculate the highest common factor of 17 and 799.
17
Calculate the greatest common factor of 96 and 36.
12
Calculate the highest common divisor of 2325 and 525.
75
Calculate the highest common factor of 132 and 48.
12
What is the greatest common divisor of 12 and 2148?
12
What is the greatest common factor of 145 and 35?
5
What is the highest common divisor of 782 and 138?
46
What is the greatest common divisor of 411 and 5343?
411
Calculate the greatest common divisor of 98 and 1288.
14
What is the greatest common divisor of 212 and 159?
53
What is the greatest common divisor of 50 and 2390?
10
What is the highest common factor of 156 and 108?
12
What is the greatest common divisor of 224 and 32?
32
Calculate the highest common factor of 6784 and 128.
128
Calculate the highest common divisor of 65 and 455.
65
Calculate the highest common divisor of 240 and 4410.
30
What is the highest common factor of 20181 and 21?
21
Calculate the highest common divisor of 33 and 9339.
33
What is the highest common divisor of 112 and 5446?
14
What is the greatest common factor of 184 and 56?
8
What is the highest common factor of 165 and 528?
33
Calculate the highest common divisor of 1225 and 20.
5
Calculate the greatest common factor of 4000 and 288.
32
Calculate the greatest common divisor of 24 and 66.
6
Calculate the greatest common factor of 104 and 864.
8
Calculate the highest common factor of 1488 and 552.
24
What is the greatest common divisor of 7007 and 143?
143
What is the highest common divisor of 10362 and 66?
66
What is the highest common divisor of 19 and 3743?
19
What is the highest common factor of 833 and 17?
17
What is the highest common divisor of 12257 and 14?
7
Calculate the greatest common divisor of 150 and 225.
75
Calculate the highest common factor of 19 and 19.
19
Calculate the greatest common divisor of 80 and 2192.
16
Calculate the highest common divisor of 42 and 138.
6
Calculate the highest common factor of 290 and 377.
29
What is the greatest common factor of 735 and 19005?
105
What is the highest common divisor of 529 and 575?
23
What is the greatest common factor of 99 and 16731?
99
What is the highest common factor of 5 and 20?
5
Calculate the highest common divisor of 505 and 10.
5
What is the highest common factor of 82900 and 200?
100
Calculate the highest common divisor of 112 and 49.
7
Calculate the highest common divisor of 10997 and 7.
7
Calculate the greatest common divisor of 75 and 69.
3
What is the greatest common factor of 3762 and 11?
11
What is the highest common factor of 148 and 72?
4
Calculate the greatest common factor of 767 and 118.
59
What is the greatest common factor of 1254 and 66?
66
Calculate the highest common divisor of 44982 and 126.
126
Calculate the highest common factor of 192 and 1248.
96
What is the highest common divisor of 107 and 14017?
107
What is the highest common divisor of 426 and 24?
6
Calculate the greatest common factor of 16 and 40.
8
Calculate the highest common factor of 27549 and 18.
9
Calculate the highest common divisor of 3800 and 8.
8
Calculate the greatest common factor of 143 and 63349.
143
What is the highest common factor of 20 and 8130?
10
Calculate the highest common factor of 12986 and 3020.
302
Calculate the highest common divisor of 56 and 72.
8
Calculate the greatest common divisor of 2650 and 50.
50
What is the greatest common divisor of 456 and 168?
24
What is the highest common divisor of 117 and 104?
13
Calculate the highest common factor of 52 and 650.
26
Calculate the greatest common factor of 190 and 3667.
19
What is the greatest common factor of 75 and 30?
15
What is the greatest common factor of 50 and 1225?
25
What is the greatest common factor of 150 and 825?
75
What is the greatest common factor of 7 and 287?
7
What is the highest common divisor of 261 and 5133?
87
What is the highest common factor of 84 and 11424?
84
Calculate the highest common divisor of 116 and 8468.
116
What is the highest common factor of 215 and 559?
43
Calculate the greatest common factor of 9 and 12.
3
Calculate the greatest common divisor of 20 and 12320.
20
Calculate the highest common factor of 12 and 186.
6
Calculate the greatest common factor of 30 and 438.
6
Calculate the highest common factor of 32 and 832.
32
What is the greatest common factor of 49 and 70?
7
Calculate the greatest common factor of 2786 and 70.
14
Calculate the greatest common factor of 5832 and 12.
12
What is the greatest common divisor of 2650 and 53?
53
Calculate the greatest common factor of 7848 and 504.
72
What is the highest common factor of 23616 and 36?
36
Calculate the highest common divisor of 96 and 1860.
12
Calculate the greatest common divisor of 50 and 10325.
25
Calculate the greatest common divisor of 63075 and 150.
75
Calculate the highest common factor of 3 and 39.
3
Calculate the highest common factor of 5 and 160.
5
What is the greatest common factor of 6 and 384?
6
Calculate the greatest common factor of 22418 and 22.
22
Calculate the highest common divisor of 60 and 20.
20
What is the highest common factor of 22 and 2?
2
Calculate the greatest common divisor of 44 and 396.
44
Calculate the greatest common factor of 4 and 1664.
4
What is the greatest common divisor of 328 and 41?
41
Calculate the greatest common divisor of 24 and 24.
24
What is the greatest common factor of 72 an